{"id":17,"date":"2025-05-30T19:27:06","date_gmt":"2025-05-30T17:27:06","guid":{"rendered":"http:\/\/hochzeit.tomundtina.at\/?page_id=17"},"modified":"2025-06-13T18:10:32","modified_gmt":"2025-06-13T16:10:32","slug":"hochzeitsgeschenke","status":"publish","type":"page","link":"https:\/\/hochzeit.tomundtina.at\/?page_id=17","title":{"rendered":"W\u00fcnsche"},"content":{"rendered":"<p><\/p>\n<p>Nat\u00fcrlich ist das gr\u00f6\u00dfte Geschenk diesen wundervollen Tag mit euch verbringen zu k\u00f6nnen! Wenn ihr uns dennoch etwas schenken wollt, haben wir uns was \u00fcberlegt. Ihr k\u00f6nnt in unserem Hochzeitsgeschenke Shop st\u00f6bern und f\u00fcr uns Geschenke &#8222;bestellen&#8220;, um uns eine sch\u00f6ne Zeit auf unserer Hochzeitsreise zu g\u00f6nnen. Der Bestellvorgang ist nat\u00fcrlich nur symbolisch. Es wird auf der Hochzeit sicher Momenten geben an denen ihr uns auch pers\u00f6nlich Geschenke \u00fcberreichen k\u00f6nnt.<\/p>\n<p><\/p>\n<p><\/p>\n<p>Wir (im Besonderen Martina) freuen uns zwar sehr \u00fcber Blumen, leider aber auch unsere 2 geliebten Katzen Elli und Elvis. Alles was gut riecht und neu ist wird angeknabbert. Leider sind 90% der Blumen aber giftig und wir w\u00fcrden eure Hochzeitsgeschenke ungern f\u00fcr einen Tierarztbesuch aufbrauchen.<\/p>\n<p><\/p>\n<p><\/p>\n<p>Wenige Tage nach der Hochzeit geht es f\u00fcr uns nach Spanien. Am 12. August findet dort n\u00e4mlich eine totale Sonnenfinsternis statt. Das bedeutet der Mond schiebt sich so vor die Sonne, das man nur noch einen d\u00fcnnen Kranz sieht &#8211; nat\u00fcrlich nur mit ensprechener Schutzausr\u00fcstung f\u00fcr die Augen zu beobachten solange die Sonne nicht komplett verdeckt ist. Ein atemberaubender Anblick. Weil dieses astronomische Ph\u00e4nomen in halbwegs erreichbarer Entfernung eher selten ist, haben wir uns also f\u00fcr 10 Tage Spanien mit zus\u00e4tzlicher Besichtigung von Madrid entschieden. F\u00fcr diese Reise k\u00f6nnt ihr uns &#8211; wenn ihr wollt &#8211; die ein oder andere Aktivit\u00e4t sponsern.<\/p>\n<p><\/p>\n<p><\/p>\n<div class=\"wp-block-contact-form-7-contact-form-selector\">\n<div class=\"wpcf7 no-js\" id=\"wpcf7-f25-o1\" lang=\"de-AT\" dir=\"ltr\" data-wpcf7-id=\"25\">\n<div class=\"screen-reader-response\"><p role=\"status\" aria-live=\"polite\" aria-atomic=\"true\"><\/p> <ul><\/ul><\/div>\n<form action=\"\/index.php?rest_route=%2Fwp%2Fv2%2Fpages%2F17#wpcf7-f25-o1\" method=\"post\" class=\"wpcf7-form init\" aria-label=\"Contact form\" novalidate=\"novalidate\" data-status=\"init\">\n<fieldset class=\"hidden-fields-container\"><input type=\"hidden\" name=\"_wpcf7\" value=\"25\" \/><input type=\"hidden\" name=\"_wpcf7_version\" value=\"6.1.5\" \/><input type=\"hidden\" name=\"_wpcf7_locale\" value=\"de_AT\" \/><input type=\"hidden\" name=\"_wpcf7_unit_tag\" value=\"wpcf7-f25-o1\" \/><input type=\"hidden\" name=\"_wpcf7_container_post\" value=\"0\" \/><input type=\"hidden\" name=\"_wpcf7_posted_data_hash\" value=\"\" \/>\n<\/fieldset>\n<p><label>Brillen f\u00fcr die Sonnenfinsternis 5\u20ac<br \/>\n<small>sonst sehen wir ja nix...<\/small><br \/>\n<span class=\"wpcf7-form-control-wrap\" data-name=\"brillen\"><select class=\"wpcf7-form-control wpcf7-select\" aria-invalid=\"false\" name=\"brillen\"><option value=\"0\">0<\/option><option value=\"1 St\u00fcck\">1 St\u00fcck<\/option><option value=\"2 St\u00fcck\">2 St\u00fcck<\/option><\/select><\/span><\/label>\n<\/p>\n<p><label>2 Kugeln Eis 4\u20ac<br \/>\n<small>weil Eis einfach immer geht im Sommer<\/small><br \/>\n<span class=\"wpcf7-form-control-wrap\" data-name=\"eis\"><select class=\"wpcf7-form-control wpcf7-select\" aria-invalid=\"false\" name=\"eis\"><option value=\"0\">0<\/option><option value=\"1\">1<\/option><option value=\"2\">2<\/option><option value=\"3\">3<\/option><option value=\"4\">4<\/option><option value=\"5\">5<\/option><option value=\"6\">6<\/option><option value=\"7\">7<\/option><option value=\"8\">8<\/option><option value=\"9\">9<\/option><option value=\"10\">10<\/option><\/select><\/span><\/label>\n<\/p>\n<p><label>1 Liter Sangria 8\u20ac<br \/>\n<small>Was w\u00e4re ein Spanienbesuch ohne Sangria??<\/small><br \/>\n<span class=\"wpcf7-form-control-wrap\" data-name=\"sangria\"><select class=\"wpcf7-form-control wpcf7-select\" aria-invalid=\"false\" name=\"sangria\"><option value=\"0\">0<\/option><option value=\"1\">1<\/option><option value=\"2\">2<\/option><option value=\"3\">3<\/option><option value=\"4\">4<\/option><option value=\"5\">5<\/option><option value=\"6\">6<\/option><option value=\"7\">7<\/option><option value=\"8\">8<\/option><option value=\"9\">9<\/option><option value=\"10\">10<\/option><\/select><\/span><\/label>\n<\/p>\n<p><label>1 Dinner f\u00fcr 2 100\u20ac<br \/>\n<small>Gem\u00fctlich speisen und uns an die Hochzeitsfeier erinnern<\/small><br \/>\n<span class=\"wpcf7-form-control-wrap\" data-name=\"dinner\"><select class=\"wpcf7-form-control wpcf7-select\" aria-invalid=\"false\" name=\"dinner\"><option value=\"0\">0<\/option><option value=\"1\">1<\/option><option value=\"2\">2<\/option><option value=\"3\">3<\/option><option value=\"4\">4<\/option><option value=\"5\">5<\/option><option value=\"6\">6<\/option><option value=\"7\">7<\/option><option value=\"8\">8<\/option><option value=\"9\">9<\/option><option value=\"10\">10<\/option><\/select><\/span><\/label>\n<\/p>\n<p><label>1 Spanisch W\u00f6rterbuch 13\u20ac<br \/>\n<small> uno, dos, tres, una botella de vino blanco por favor, mehr geht noch nicht...<\/small><br \/>\n<span class=\"wpcf7-form-control-wrap\" data-name=\"dictionary\"><select class=\"wpcf7-form-control wpcf7-select\" aria-invalid=\"false\" name=\"dictionary\"><option value=\"0\">0<\/option><option value=\"1\">1<\/option><option value=\"2\">2<\/option><option value=\"3\">3<\/option><option value=\"4\">4<\/option><option value=\"5\">5<\/option><option value=\"6\">6<\/option><option value=\"7\">7<\/option><option value=\"8\">8<\/option><option value=\"9\">9<\/option><option value=\"10\">10<\/option><\/select><\/span><\/label>\n<\/p>\n<p><label>Tapas f\u00fcr 2 6\u20ac<br \/>\n<small>wir lieben Tapas, passt auch gut zu Sangria \ud83d\ude09<\/small><br \/>\n<span class=\"wpcf7-form-control-wrap\" data-name=\"tapas\"><select class=\"wpcf7-form-control wpcf7-select\" aria-invalid=\"false\" name=\"tapas\"><option value=\"0\">0<\/option><option value=\"1 Portion\">1 Portion<\/option><option value=\"2 Portionen\">2 Portionen<\/option><option value=\"3 Portionen\">3 Portionen<\/option><option value=\"4 Portionen\">4 Portionen<\/option><option value=\"5 Portionen\">5 Portionen<\/option><option value=\"6 Portionen\">6 Portionen<\/option><option value=\"7 Portionen\">7 Portionen<\/option><option value=\"8 Portionen\">8 Portionen<\/option><option value=\"9 Portionen\">9 Portionen<\/option><option value=\"10 Portionen\">10 Portionen<\/option><\/select><\/span><\/label>\n<\/p>\n<p><label>Essen im Flugzeug 15\u20ac<br \/>\n<small>Das trockene Sandwich und den Tomatensaft w\u00fcrden wir gerne auslassen..<\/small><br \/>\n<span class=\"wpcf7-form-control-wrap\" data-name=\"essen_flugzeug\"><select class=\"wpcf7-form-control wpcf7-select\" aria-invalid=\"false\" name=\"essen_flugzeug\"><option value=\"0\">0<\/option><option value=\"1 Portion\">1 Portion<\/option><option value=\"2 Portionen\">2 Portionen<\/option><\/select><\/span><\/label>\n<\/p>\n<p><label>Sightseeing in Madrid 50\u20ac\/Tag<br \/>\n<small>ein Muss! Wir wollen die Stadt erkunden!<\/small><br \/>\n<span class=\"wpcf7-form-control-wrap\" data-name=\"sightseeing\"><select class=\"wpcf7-form-control wpcf7-select\" aria-invalid=\"false\" name=\"sightseeing\"><option value=\"0\">0<\/option><option value=\"1 Tag\">1 Tag<\/option><option value=\"2 Tage\">2 Tage<\/option><option value=\"3 Tage\">3 Tage<\/option><option value=\"4 Tage\">4 Tage<\/option><option value=\"5 Tage\">5 Tage<\/option><\/select><\/span><\/label>\n<\/p>\n<p><label>1 Nacht im Hotel 140\u20ac<br \/>\n<small>ein romatisches Zimmer um uns vom Sightseeing auszuruhen<\/small><br \/>\n<span class=\"wpcf7-form-control-wrap\" data-name=\"hotel\"><select class=\"wpcf7-form-control wpcf7-select\" aria-invalid=\"false\" name=\"hotel\"><option value=\"0\">0<\/option><option value=\"1 Nacht\">1 Nacht<\/option><option value=\"2 N\u00e4chte\">2 N\u00e4chte<\/option><option value=\"3 N\u00e4chte\">3 N\u00e4chte<\/option><option value=\"4 N\u00e4chte\">4 N\u00e4chte<\/option><option value=\"5 N\u00e4chte\">5 N\u00e4chte<\/option><\/select><\/span><\/label>\n<\/p>\n<p><label>5 Liter Benzin f\u00fcrs Mietauto 7\u20ac<br \/>\n<small>wir m\u00f6chten auch mal raus aus Madrid<\/small><br \/>\n<span class=\"wpcf7-form-control-wrap\" data-name=\"benzin\"><select class=\"wpcf7-form-control wpcf7-select\" aria-invalid=\"false\" name=\"benzin\"><option value=\"0\">0<\/option><option value=\"5 Liter\">5 Liter<\/option><option value=\"10 Liter\">10 Liter<\/option><option value=\"15 Liter\">15 Liter<\/option><option value=\"20 Liter\">20 Liter<\/option><option value=\"25 Liter\">25 Liter<\/option><option value=\"30 Liter\">30 Liter<\/option><option value=\"35 Liter\">35 Liter<\/option><option value=\"40 Liter\">40 Liter<\/option><\/select><\/span><\/label>\n<\/p>\n<p><label>Roomservice im Hotel 12\u20ac pro Tag<br \/>\n<small>So ein Fr\u00fchst\u00fcck ans Bett hat schon was...<\/small><br \/>\n<span class=\"wpcf7-form-control-wrap\" data-name=\"roomservice\"><select class=\"wpcf7-form-control wpcf7-select\" aria-invalid=\"false\" name=\"roomservice\"><option value=\"0\">0<\/option><option value=\"1 Tag\">1 Tag<\/option><option value=\"2 Tage\">2 Tage<\/option><option value=\"3 Tage\">3 Tage<\/option><option value=\"4 Tage\">4 Tage<\/option><option value=\"5 Tage\">5 Tage<\/option><\/select><\/span><\/label>\n<\/p>\n<p><label>Souvenirs 60\u20ac<br \/>\n<span class=\"wpcf7-form-control-wrap\" data-name=\"souveniers\"><select class=\"wpcf7-form-control wpcf7-select\" aria-invalid=\"false\" name=\"souveniers\"><option value=\"0\">0<\/option><option value=\"1\">1<\/option><option value=\"2\">2<\/option><option value=\"3\">3<\/option><option value=\"4\">4<\/option><option value=\"5\">5<\/option><\/select><\/span><\/label>\n<\/p>\n<p><label>Business Class Upgrade f\u00fcr den Flug 150\u20ac<br \/>\n<small>Zu viel Luxus? neiiiiiin \ud83d\ude09<\/small><br \/>\n<span class=\"wpcf7-form-control-wrap\" data-name=\"businessclass\"><select class=\"wpcf7-form-control wpcf7-select\" aria-invalid=\"false\" name=\"businessclass\"><option value=\"0\">0<\/option><option value=\"1\">1<\/option><option value=\"2\">2<\/option><option value=\"3\">3<\/option><option value=\"4\">4<\/option><\/select><\/span><\/label>\n<\/p>\n<p><label>Sonnencreme 50+ 18\u20ac<br \/>\n<small>damit Martina nicht abfackelt \ud83d\ude09<\/small><br \/>\n<span class=\"wpcf7-form-control-wrap\" data-name=\"sonnencreme\"><select class=\"wpcf7-form-control wpcf7-select\" aria-invalid=\"false\" name=\"sonnencreme\"><option value=\"0\">0<\/option><option value=\"1\">1<\/option><option value=\"2\">2<\/option><option value=\"3\">3<\/option><option value=\"4\">4<\/option><\/select><\/span><\/label>\n<\/p>\n<p><label>Stadtrundfahrt\/ \u00d6ffiticket f\u00fcr Madrid 10\u20ac Pro Tag<br \/>\n<small>wir wollen Madrid unsicher machen \ud83d\ude42<\/small><br \/>\n<span class=\"wpcf7-form-control-wrap\" data-name=\"metro\"><select class=\"wpcf7-form-control wpcf7-select\" aria-invalid=\"false\" name=\"metro\"><option value=\"0\">0<\/option><option value=\"1\">1<\/option><option value=\"2\">2<\/option><option value=\"3\">3<\/option><option value=\"4\">4<\/option><option value=\"5\">5<\/option><\/select><\/span><\/label>\n<\/p>\n<p><label>Dein Name *<span class=\"wpcf7-form-control-wrap\" data-name=\"yourname\"><input size=\"40\" maxlength=\"400\" class=\"wpcf7-form-control wpcf7-text wpcf7-validates-as-required\" aria-required=\"true\" aria-invalid=\"false\" value=\"\" type=\"text\" name=\"yourname\" \/><\/span><\/label>\n<\/p>\n<p><input class=\"wpcf7-form-control wpcf7-submit has-spinner wishessubmit\" type=\"submit\" value=\"Abschicken\" \/>\n<\/p><p style=\"display: none !important;\" class=\"akismet-fields-container\" data-prefix=\"_wpcf7_ak_\"><label>&#916;<textarea name=\"_wpcf7_ak_hp_textarea\" cols=\"45\" rows=\"8\" maxlength=\"100\"><\/textarea><\/label><input type=\"hidden\" id=\"ak_js_1\" name=\"_wpcf7_ak_js\" value=\"43\"\/><script>document.getElementById( \"ak_js_1\" ).setAttribute( \"value\", ( new Date() ).getTime() );<\/script><\/p><div class=\"wpcf7-response-output\" aria-hidden=\"true\"><\/div>\n<\/form>\n<\/div>\n<\/div>\n<p><\/p>\n","protected":false},"excerpt":{"rendered":"<p>Nat\u00fcrlich ist das gr\u00f6\u00dfte Geschenk diesen wundervollen Tag mit euch verbringen zu k\u00f6nnen! Wenn ihr uns dennoch etwas schenken wollt, [&hellip;]<\/p>\n","protected":false},"author":1,"featured_media":0,"parent":0,"menu_order":0,"comment_status":"closed","ping_status":"closed","template":"","meta":{"site-sidebar-layout":"default","site-content-layout":"","ast-site-content-layout":"default","site-content-style":"default","site-sidebar-style":"default","ast-global-header-display":"","ast-banner-title-visibility":"","ast-main-header-display":"","ast-hfb-above-header-display":"","ast-hfb-below-header-display":"","ast-hfb-mobile-header-display":"","site-post-title":"","ast-breadcrumbs-content":"","ast-featured-img":"","footer-sml-layout":"","ast-disable-related-posts":"","theme-transparent-header-meta":"","adv-header-id-meta":"","stick-header-meta":"","header-above-stick-meta":"","header-main-stick-meta":"","header-below-stick-meta":"","astra-migrate-meta-layouts":"default","ast-page-background-enabled":"default","ast-page-background-meta":{"desktop":{"background-color":"var(--ast-global-color-5)","background-image":"","background-repeat":"repeat","background-position":"center center","background-size":"auto","background-attachment":"scroll","background-type":"","background-media":"","overlay-type":"","overlay-color":"","overlay-opacity":"","overlay-gradient":""},"tablet":{"background-color":"","background-image":"","background-repeat":"repeat","background-position":"center center","background-size":"auto","background-attachment":"scroll","background-type":"","background-media":"","overlay-type":"","overlay-color":"","overlay-opacity":"","overlay-gradient":""},"mobile":{"background-color":"","background-image":"","background-repeat":"repeat","background-position":"center center","background-size":"auto","background-attachment":"scroll","background-type":"","background-media":"","overlay-type":"","overlay-color":"","overlay-opacity":"","overlay-gradient":""}},"ast-content-background-meta":{"desktop":{"background-color":"var(--ast-global-color-4)","background-image":"","background-repeat":"repeat","background-position":"center center","background-size":"auto","background-attachment":"scroll","background-type":"","background-media":"","overlay-type":"","overlay-color":"","overlay-opacity":"","overlay-gradient":""},"tablet":{"background-color":"var(--ast-global-color-4)","background-image":"","background-repeat":"repeat","background-position":"center center","background-size":"auto","background-attachment":"scroll","background-type":"","background-media":"","overlay-type":"","overlay-color":"","overlay-opacity":"","overlay-gradient":""},"mobile":{"background-color":"var(--ast-global-color-4)","background-image":"","background-repeat":"repeat","background-position":"center center","background-size":"auto","background-attachment":"scroll","background-type":"","background-media":"","overlay-type":"","overlay-color":"","overlay-opacity":"","overlay-gradient":""}},"footnotes":""},"class_list":["post-17","page","type-page","status-publish","hentry"],"_links":{"self":[{"href":"https:\/\/hochzeit.tomundtina.at\/index.php?rest_route=\/wp\/v2\/pages\/17","targetHints":{"allow":["GET"]}}],"collection":[{"href":"https:\/\/hochzeit.tomundtina.at\/index.php?rest_route=\/wp\/v2\/pages"}],"about":[{"href":"https:\/\/hochzeit.tomundtina.at\/index.php?rest_route=\/wp\/v2\/types\/page"}],"author":[{"embeddable":true,"href":"https:\/\/hochzeit.tomundtina.at\/index.php?rest_route=\/wp\/v2\/users\/1"}],"replies":[{"embeddable":true,"href":"https:\/\/hochzeit.tomundtina.at\/index.php?rest_route=%2Fwp%2Fv2%2Fcomments&post=17"}],"version-history":[{"count":7,"href":"https:\/\/hochzeit.tomundtina.at\/index.php?rest_route=\/wp\/v2\/pages\/17\/revisions"}],"predecessor-version":[{"id":585,"href":"https:\/\/hochzeit.tomundtina.at\/index.php?rest_route=\/wp\/v2\/pages\/17\/revisions\/585"}],"wp:attachment":[{"href":"https:\/\/hochzeit.tomundtina.at\/index.php?rest_route=%2Fwp%2Fv2%2Fmedia&parent=17"}],"curies":[{"name":"wp","href":"https:\/\/api.w.org\/{rel}","templated":true}]}}