{"id":58,"date":"2025-05-30T20:56:10","date_gmt":"2025-05-30T18:56:10","guid":{"rendered":"http:\/\/hochzeit.tomundtina.at\/?page_id=58"},"modified":"2025-06-07T22:32:48","modified_gmt":"2025-06-07T20:32:48","slug":"die-location","status":"publish","type":"page","link":"https:\/\/hochzeit.tomundtina.at\/?page_id=58","title":{"rendered":"Die Location"},"content":{"rendered":"<p><\/p>\n<figure class=\"wp-block-image size-large\"><img decoding=\"async\" src=\"http:\/\/hochzeit.tomundtina.at\/wp-content\/uploads\/2025\/06\/bannert-1024x523.png\" alt=\"\" class=\"wp-image-172\"\/><\/figure>\n<p><\/p>\n<p><\/p>\n<p>Das Weingut Bannert ist ein traumhaft sch\u00f6ner Ort, wenige Minuten von Retz entfernt am Rande von Obermarkersdorf. Der mediterrane Flair l\u00e4d zum genie\u00dfen ein. Umringt von Weing\u00e4rten bietet es eine bombastische Aussicht. <\/p>\n<p><\/p>\n<p><\/p>\n<p>Die jungen Betreiber Manfred und Nicole sind super sympathisch und stehen Mit Rat und Tat zur Seite egal ob es um ihren Wein, die Location oder die Organisation von Veranstaltungen geht.<\/p>\n<p><\/p>\n<p><\/p>\n<p>Wer mehr \u00fcber das Weingut Bannert erfahren m\u00f6chte findet viele Infos und Impressionen auf deren Website <a href=\"https:\/\/www.weingutbannert.com\">www.weingutbannert.com<\/a>. <\/p>\n<p><\/p>\n<p><\/p>\n<p>Kontaktdaten:<br \/><a href=\"tel:0043029428337\">+43 (0)2942 8337<\/a><br \/><a href=\"mailto:office@weingutbannert.com\">office@weingutbannert.com<\/a><\/p>\n<p><\/p>\n<p>\n<\/p>\n","protected":false},"excerpt":{"rendered":"<p>Das Weingut Bannert ist ein traumhaft sch\u00f6ner Ort, wenige Minuten von Retz entfernt am Rande von Obermarkersdorf. Der mediterrane Flair [&hellip;]<\/p>\n","protected":false},"author":1,"featured_media":0,"parent":0,"menu_order":0,"comment_status":"closed","ping_status":"closed","template":"","meta":{"site-sidebar-layout":"default","site-content-layout":"","ast-site-content-layout":"default","site-content-style":"default","site-sidebar-style":"default","ast-global-header-display":"","ast-banner-title-visibility":"","ast-main-header-display":"","ast-hfb-above-header-display":"","ast-hfb-below-header-display":"","ast-hfb-mobile-header-display":"","site-post-title":"","ast-breadcrumbs-content":"","ast-featured-img":"","footer-sml-layout":"","ast-disable-related-posts":"","theme-transparent-header-meta":"","adv-header-id-meta":"","stick-header-meta":"","header-above-stick-meta":"","header-main-stick-meta":"","header-below-stick-meta":"","astra-migrate-meta-layouts":"default","ast-page-background-enabled":"default","ast-page-background-meta":{"desktop":{"background-color":"var(--ast-global-color-5)","background-image":"","background-repeat":"repeat","background-position":"center center","background-size":"auto","background-attachment":"scroll","background-type":"","background-media":"","overlay-type":"","overlay-color":"","overlay-opacity":"","overlay-gradient":""},"tablet":{"background-color":"","background-image":"","background-repeat":"repeat","background-position":"center center","background-size":"auto","background-attachment":"scroll","background-type":"","background-media":"","overlay-type":"","overlay-color":"","overlay-opacity":"","overlay-gradient":""},"mobile":{"background-color":"","background-image":"","background-repeat":"repeat","background-position":"center center","background-size":"auto","background-attachment":"scroll","background-type":"","background-media":"","overlay-type":"","overlay-color":"","overlay-opacity":"","overlay-gradient":""}},"ast-content-background-meta":{"desktop":{"background-color":"var(--ast-global-color-4)","background-image":"","background-repeat":"repeat","background-position":"center center","background-size":"auto","background-attachment":"scroll","background-type":"","background-media":"","overlay-type":"","overlay-color":"","overlay-opacity":"","overlay-gradient":""},"tablet":{"background-color":"var(--ast-global-color-4)","background-image":"","background-repeat":"repeat","background-position":"center center","background-size":"auto","background-attachment":"scroll","background-type":"","background-media":"","overlay-type":"","overlay-color":"","overlay-opacity":"","overlay-gradient":""},"mobile":{"background-color":"var(--ast-global-color-4)","background-image":"","background-repeat":"repeat","background-position":"center center","background-size":"auto","background-attachment":"scroll","background-type":"","background-media":"","overlay-type":"","overlay-color":"","overlay-opacity":"","overlay-gradient":""}},"footnotes":""},"class_list":["post-58","page","type-page","status-publish","hentry"],"_links":{"self":[{"href":"https:\/\/hochzeit.tomundtina.at\/index.php?rest_route=\/wp\/v2\/pages\/58","targetHints":{"allow":["GET"]}}],"collection":[{"href":"https:\/\/hochzeit.tomundtina.at\/index.php?rest_route=\/wp\/v2\/pages"}],"about":[{"href":"https:\/\/hochzeit.tomundtina.at\/index.php?rest_route=\/wp\/v2\/types\/page"}],"author":[{"embeddable":true,"href":"https:\/\/hochzeit.tomundtina.at\/index.php?rest_route=\/wp\/v2\/users\/1"}],"replies":[{"embeddable":true,"href":"https:\/\/hochzeit.tomundtina.at\/index.php?rest_route=%2Fwp%2Fv2%2Fcomments&post=58"}],"version-history":[{"count":5,"href":"https:\/\/hochzeit.tomundtina.at\/index.php?rest_route=\/wp\/v2\/pages\/58\/revisions"}],"predecessor-version":[{"id":282,"href":"https:\/\/hochzeit.tomundtina.at\/index.php?rest_route=\/wp\/v2\/pages\/58\/revisions\/282"}],"wp:attachment":[{"href":"https:\/\/hochzeit.tomundtina.at\/index.php?rest_route=%2Fwp%2Fv2%2Fmedia&parent=58"}],"curies":[{"name":"wp","href":"https:\/\/api.w.org\/{rel}","templated":true}]}}